
False
Does 89 divide 4134282?
False
Is 6012979697 a multiple of 10?
False
Is 10 a factor of 18033285?
False
Is 15432944 a multiple of 837?
False
Does 419 divide 451331468?
False
Is 12 a factor of 268349987?
False
Is 1776486672 a multiple of 816?
True
Is 827566 a multiple of 2?
True
Does 12 divide 86206602?
False
Does 10 divide 99546080?
True
Is 25 a factor of 360714925?
True
Does 979 divide 200715559?
True
Is 158 a factor of 246087359?
False
Is 30079260 a multiple of 9?
True
Does 63 divide 4598261?
False
Is 2968675 a multiple of 38?
False
Is 3541 a factor of 682042633?
True
Is 373527906 a multiple of 1426?
False
Is 14 a factor of 879166302?
True
Is 159296 a multiple of 16?
True
Is 11373472 a multiple of 16?
True
Is 2707 a factor of 191683653?
False
Is 1098 a factor of 19332407?
False
Is 4068316 a multiple of 109?
True
Is 3460019421 a multiple of 23?
True
Is 1432418904 a multiple of 243?
True
Does 450 divide 81885150?
True
Is 360441035 a multiple of 65?
False
Is 6 a factor of 69852368?
False
Is 488 a factor of 2002494824?
True
Is 8028200 a multiple of 200?
True
Is 15567281 a multiple of 202?
False
Does 290 divide 24982701?
False
Does 287 divide 67045209?
True
Is 320 a factor of 202052224?
False
Is 1375 a factor of 437043750?
True
Does 57 divide 32776767?
True
Is 8 a factor of 311975712?
True
Is 15947440 a multiple of 2?
True
Does 381 divide 703052061?
True
Is 4592921 even?
False
Is 132374991 a multiple of 145?
False
Is 52133872 a multiple of 2128?
True
Does 56 divide 753925122?
False
Is 27266729 a multiple of 467?
True
Does 677 divide 401039229?
True
Does 158 divide 1134797535?
False
Is 9984149 a multiple of 496?
False
Is 220 a factor of 1874278988?
False
Does 8 divide 12212897?
False
Does 9 divide 804810010?
False
Does 3 divide 4227285?
True
Is 16 a factor of 23829654?
False
Is 5983092523 a multiple of 293?
True
Is 169011126 a multiple of 18?
True
Does 15 divide 11356605?
True
Does 6959 divide 12087783?
True
Does 21 divide 92261883?
True
Is 2755759512 a multiple of 417?
True
Does 640 divide 100719360?
True
Does 4044 divide 323479560?
True
Is 365929172 a multiple of 2438?
True
Is 47 a factor of 2387463?
False
Is 4 a factor of 440287380?
True
Is 59 a factor of 26950999?
False
Does 510 divide 210067980?
True
Is 275 a factor of 18469275?
True
Is 32 a factor of 236317184?
True
Does 27 divide 105063996?
False
Is 43542505 a multiple of 47?
False
Is 519293381 a multiple of 3?
False
Is 1777 a factor of 71792577?
True
Is 280194 a multiple of 246?
True
Is 499035331 a multiple of 2748?
False
Is 40059947 a multiple of 17?
False
Does 23 divide 236163241?
True
Is 669 a factor of 253763742?
True
Is 459603780 a multiple of 2733?
False
Is 246463102 a multiple of 196?
False
Does 37 divide 71083993?
True
Is 25134157 a multiple of 244?
False
Is 207368036 a multiple of 61?
True
Does 3 divide 8491853?
False
Is 11 a factor of 248199147?
False
Is 2175709 even?
False
Is 3359 a factor of 1049606884?
True
Is 2911 a factor of 37032394?
False
Is 332791737 a multiple of 915?
False
Is 153161260 a multiple of 10?
True
Does 6089 divide 2566507411?
True
Is 7 a factor of 28708060?
False
Is 39 a factor of 3050463?
True
Is 144574800 a multiple of 969?
True
Is 2007300 a multiple of 150?
True
Does 65 divide 80167750?
True
Does 151 divide 23759095?
True
Does 9 divide 749883798?
True
Is 4890361446 a multiple of 9?
True
Does 46 divide 28360518?
True
Does 6 divide 436680?
True
Is 907 a factor of 79145727?
True
Is 228 a factor of 2852644116?
True
Is 76 a factor of 102015712?
True
Is 24878940 a multiple of 215?
True
Is 9 a factor of 280534833?
True
Is 272337482 a multiple of 234?
False
Does 1127 divide 26840370?
False
Is 876 a factor of 101847497?
False
Is 122088200 a multiple of 2?
True
Is 406325439 a multiple of 941?
False
Does 141 divide 1853273?
False
Does 35 divide 65363922?
False
Does 19 divide 5962067?
True
Does 94 divide 327453872?
False
Does 325 divide 1713744579?
False
Is 173 a factor of 350082627?
True
Is 2081 a factor of 175120312?
True
Does 495 divide 71216145?
True
Is 76712268 a multiple of 2994?
True
Is 29412825 a multiple of 291?
True
Is 139060449 a multiple of 99?
True
Is 130 a factor of 7814949?
False
Is 75 a factor of 10094478?
False
Is 2111 a factor of 123020629?
False
Is 455 a factor of 41167653?
False
Does 18 divide 1858115016?
True
Is 5024350 a multiple of 85?
True
Does 7 divide 96794767?
False
Does 3 divide 138191875?
False
Does 10985 divide 1152963630?
True
Does 31 divide 895557016?
True
Is 1326300924 a multiple of 28?
False
Does 39 divide 46372404?
True
Is 71 a factor of 6948912?
True
Does 16815 divide 2937212911?
False
Is 746541515 a multiple of 47?
False
Is 410459017 a multiple of 93?
False
Is 22 a factor of 27288152?
False
Does 3112 divide 489706152?
False
Does 15 divide 102597450?
True
Does 12 divide 149922144?
True
Is 7601176 a multiple of 69?
False
Is 5605 a factor of 584030120?
False
Is 94 a factor of 56849988?
False
Is 1294376490 a multiple of 990?
True
Is 40433502 a multiple of 246?
False
Is 85 a factor of 983150?
False
Is 64 a factor of 60308102?
False
Is 606206100 a multiple of 1957?
False
Is 13130515 a multiple of 313?
False
Is 1755274140 a multiple of 685?
True
Is 10 a factor of 61437720?
True
Is 47 a factor of 17907?
True
Is 2899950734 a multiple of 19?
True
Is 5 a factor of 9329785?
True
Is 357771851 a multiple of 17?
True
Is 2801 a factor of 3365070982?
True
Is 195587277 a multiple of 93?
True
Is 309 a factor of 42158415?
True
Is 92 a factor of 493992087?
False
Does 22 divide 2005254746?
True
Does 4 divide 14931750?
False
Does 2810 divide 58859428?
False
Does 1501 divide 27519334?
True
Is 9 a factor of 85904271?
True
Is 397064773 a multiple of 555?
False
Is 72 a factor of 85195440?
True
Is 540643437 a multiple of 20?
False
Is 10787470 a multiple of 1570?
True
Does 43 divide 3266916970?
False
Does 37 divide 11435109?
True
Is 364 a factor of 354467?
False
Does 9 divide 63322693?
False
Does 6 divide 1750336?
False
Is 37 a factor of 51846139?
True
Is 31236290 a multiple of 62?
False
Does 7 divide 3700884488?
True
Does 1640 divide 1118164922?
False
Does 101 divide 93609114?
False
Is 289916936 a multiple of 8?
True
Is 36 a factor of 65292012?
True
Is 6 a factor of 2384476314?
True
Is 462581381 a multiple of 38?
False
Is 20858715 a multiple of 5?
True
Is 24022194 a multiple of 42?
True
Is 7 a factor of 60339742?
False
Does 2372 divide 848208025?
False
Does 180 divide 357741956?
False
Is 58010526 a multiple of 22?
False
Is 7 a factor of 21986936?
False
Is 656151680 a multiple of 160?
True
Is 435285865 a multiple of 1687?
False
Does 438 divide 40986038?
False
Does 119 divide 10985962?
False
Is 34 a factor of 16576622?
False
Does 3 divide 5828079?
True
Is 13 a factor of 22662094?
True
Is 41654308 a multiple of 76?
True
Does 82 divide 490114082?
True
Is 1392607477 a multiple of 10?
False
Is 18324890 a multiple of 380?
False
Is 56 a factor of 231655872?
True
Is 2174 a factor of 180759786?
False
Is 4 a factor of 24096265?
False
Is 357680040 a multiple of 10?
True
Does 422 divide 54424918?
True
Is 26 a factor of 116545962?
True
Is 783955919 a multiple of 2232?
False
Does 27 divide 163434240?
True
Is 14719250 a multiple of 647?
True
Is 26629035 a multiple of 1225?
False
Does 4 divide 6945760?
True
Does 321 divide 340493046?
True
Does 432 divide 613801152?
True
Is 3 a factor of 11191667?
False
Does 9 divide 46839978?
True
Is 747657700 a multiple of 58?
True
Is 12480545 a multiple of 106?
False
Is 123734097 a multiple of 61?
False
Does 103 divide 1057685689?
False
Is 24 a factor of 46011384?
True
Does 3045 divide 1672129518?
False
Is 689 a factor of 119919761?
True
Does 4 divide 27587185?
False
Is 1851315831 a multiple of 441?
False
Is 3 a factor of 26616419?
False
Does 2 divide 24667629?
False
Is 266 a factor of 1439060?
True
Is 1245231225 a multiple of 107?
True
Does 5946 divide 810291150?
True
Does 5 divide 400570737?
False
Is 352312444 a multiple of 1237?
True
Does 70 divide 448804090?
True
Does 761 divide 204838211?
False
Does 10 divide 14025300?
True
Is 5 a factor of 136090801?
False
Does 544 divide 399868288?
True
Does 55 divide 448554829?
False
Is 1026814245 a multiple of 9485?
False
Does 18 divide 1645530516?
True
Is 45 a factor of 18317497?
False
D